154
In base 16, what is 7db - -5?
7e0
In base 2, what is -1001 - -1110001?
1101000
In base 2, what is -1001 - -1111100?
1110011
In base 12, what is -3 + 88?
85
In base 11, what is 5 - 444?
-43a
In base 12, what is 28a - -4?
292
In base 12, what is -9 + 27?
1a
In base 6, what is -3 + 1?
-2
In base 9, what is 5 + -88?
-83
In base 13, what is -4 + 14?
10
In base 7, what is -111 + 3?
-105
In base 10, what is 1869 + 1?
1870
In base 6, what is 0 + -2302?
-2302
In base 8, what is -3 + -417?
-422
In base 7, what is -3300 - -2?
-3265
In base 5, what is -404 - 102?
-1011
In base 11, what is 1 - -55?
56
In base 12, what is 2 - 1067?
-1065
In base 9, what is -2268 + 3?
-2265
In base 15, what is c2 + d?
d0
In base 16, what is 1 - -5?
6
In base 5, what is 1314 + 2?
1321
In base 8, what is -4 + -61?
-65
In base 3, what is 101 - -100012?
100120
In base 14, what is 4ab + -1?
4aa
In base 10, what is -12 - 362?
-374
In base 7, what is -133 - 50?
-213
In base 11, what is 327 + 5?
331
In base 5, what is -41 + 22030?
21434
In base 7, what is 621 + 4?
625
In base 11, what is 1 + 44?
45
In base 8, what is -106 - -13?
-73
In base 13, what is 98b0 - 1?
98ac
In base 7, what is -32 - 245?
-310
In base 5, what is 4 + 121344?
121403
In base 4, what is -11 - 2111?
-2122
In base 3, what is 20 - 2102?
-2012
In base 3, what is -2 + 122?
120
In base 8, what is 5362 + -1?
5361
In base 2, what is -111001111110 + 100?
-111001111010
In base 3, what is 100 + 111221?
112021
In base 6, what is -3 - 150?
-153
In base 16, what is c + 6d1?
6dd
In base 5, what is 2324 + -4?
2320
In base 5, what is -432432 + -4?
-432441
In base 5, what is 4 - 4140?
-4131
In base 12, what is 1b0 - -1?
1b1
In base 7, what is 460 - 4?
453
In base 7, what is -42 - -252?
210
In base 13, what is 5 - 40?
-38
In base 12, what is 5 - 63?
-5a
In base 10, what is -7 + 35?
28
In base 9, what is -16 - 10?
-26
In base 11, what is 0 - -1390?
1390
In base 4, what is -301 + 110?
-131
In base 5, what is -10 - 12132?
-12142
In base 7, what is 5 + 225?
233
In base 14, what is 2 - -36?
38
In base 14, what is 18110 + -3?
1810b
In base 6, what is -42 - 32?
-114
In base 12, what is 142 - -15?
157
In base 2, what is 11 + 1101100?
1101111
In base 15, what is 381 - 5?
37b
In base 11, what is -7 - -a3a?
a33
In base 8, what is 5 + 2216?
2223
In base 15, what is -13a - -7?
-133
In base 12, what is -5 + -2?
-7
In base 10, what is 676 + 16?
692
In base 10, what is -5 + -214?
-219
In base 8, what is -1 - -65?
64
In base 8, what is -5 - 464?
-471
In base 2, what is -11111011011 - 11?
-11111011110
In base 16, what is -2 - -96a?
968
In base 5, what is 4020 - 4?
4011
In base 10, what is 2 - -3117?
3119
In base 4, what is -200 + 2121?
1321
In base 2, what is 1000001 + 10?
1000011
In base 5, what is 12 + 110?
122
In base 16, what is 54 - 1?
53
In base 13, what is -1 - 21b4?
-21b5
In base 11, what is -3a4 + -5?
-3a9
In base 8, what is -3 - 145?
-150
In base 15, what is -1d5 - -10?
-1c5
In base 7, what is 64 + 3?
100
In base 10, what is 85 + 2?
87
In base 7, what is -25 + -5?
-33
In base 8, what is 3 - -110?
113
In base 5, what is 12022 + 2?
12024
In base 3, what is 122011 - 10?
122001
In base 15, what is 4 + -21d?
-219
In base 13, what is 2 + 104?
106
In base 12, what is 1 - 10b?
-10a
In base 12, what is -2 + -188?
-18a
In base 2, what is 0 - 111000?
-111000
In base 3, what is -12 - -1121?
1102
In base 16, what is -17 - -17?
0
In base 16, what is 2 + -27?
-25
In base 16, what is -640e + -5?
-6413
In base 13, what is 190 - -1?
191
In base 10, what is 84 + 1?
85
In base 15, what is 51 - 3?
4d
In base 4, what is -1 + -133302?
-133303
In base 6, what is 0 + 3023?
3023
In base 8, what is 5346 + 5?
5353
In base 4, what is 100 + -123?
-23
In base 14, what is -2 - 23?
-25
In base 5, what is -10 + -123?
-133
In base 6, what is 1220 - 105?
1111
In base 14, what is -4 + 3c?
38
In base 12, what is 25 - -42?
67
In base 13, what is 159 - 3?
156
In base 3, what is 10 + -21022100?
-21022020
In base 15, what is -2b22 + 1?
-2b21
In base 11, what is -8a + 23?
-67
In base 16, what is -2 + 31?
2f
In base 6, what is 1 + -21042?
-21041
In base 13, what is -4 + -79?
-80
In base 11, what is 9 - -5?
13
In base 3, what is -10 - 102022?
-102102
In base 15, what is e6 + -4?
e2
In base 9, what is 3 - -3882?
3885
In base 13, what is 1 - -1a9?
1aa
In base 12, what is a8 - -3?
ab
In base 7, what is 256 + -2?
254
In base 9, what is 53 - 12?
41
In base 13, what is 1 + 188?
189
In base 8, what is 267 + -37?
230
In base 16, what is -d - 36?
-43
In base 6, what is -1131 - 3?
-1134
In base 6, what is -53 + 235?
142
In base 9, what is 14 + 143?
157
In base 16, what is -1514 + 0?
-1514
In base 6, what is -22 + -35?
-101
In base 14, what is -2 + -1449?
-144b
In base 3, what is 2012 - -2?
2021
In base 5, what is 1 + -1024?
-1023
In base 6, what is 0 + -1324?
-1324
In base 8, what is -16 + 24?
6
In base 10, what is 2690 - -5?
2695
In base 9, what is -2 - 48?
-51
In base 16, what is -6 - 17?
-1d
In base 13, what is -3 + -aa?
-b0
In base 5, what is 11 + -2231?
-2220
In base 4, what is 2 - -1131?
1133
In base 5, what is -2 + -3110?
-3112
In base 7, what is 0 + -522?
-522
In base 6, what is -133 + 3?
-130
In base 6, what is 2212 + -3?
2205
In base 2, what is 10111101 + 1?
10111110
In base 3, what is 2 - -101122?
101201
In base 14, what is -3 + -41?
-44
In base 3, what is 2210 + 1001?
10211
In base 12, what is -50 + -4?
-54
In base 15, what is -685 + -6?
-68b
In base 10, what is -28 - -429?
401
In base 8, what is 12 + 112?
124
In base 2, what is 101001011101 + 11?
101001100000
In base 7, what is 13 + -242?
-226
In base 15, what is 33 - -25?
58
In base 9, what is 1 + 2153?
2154
In base 14, what is -26 + 3d?
17
In base 3, what is 1122 - -1?
1200
In base 16, what is 1 + -1ff?
-1fe
In base 7, what is 423 + 3?
426
In base 16, what is -80e + -5?
-813
In base 11, what is -71 - 17?
-88
In base 10, what is 22 - -6?
28
In base 3, what is 22002 + -21011?
221
In base 16, what is 62 - -2d?
8f
In base 4, what is 1031 - 233?
132
In base 7, what is 42 + -145?
-103
In base 16, what is -7 + 2e?
27
In base 6, what is -1 + 2202?
2201
In base 12, what is 93b - 2?
939
In base 4, what is 2211 + -2?
2203
In base 10, what is -1 + -29?
-30
In base 2, what is 100 - 1001010?
-1000110
In base 7, what is 2013 - 0?
2013
In base 12, what is -4 + -1061?
-1065
In base 5, what is -2102 - 10?
-2112
In base 4, what is 33 + -1111?
-1012
In base 14, what is 46 + -2?
44
In base 7, what is -10233 - -3?
-10230
In base 15, what is -140 - -2?
-13d
In base 11, what is -3 - -1417?
1414
In base 14, what is c - 12?
-4
In base 16, what is -4 - 16?
-1a
In base 6, what is -551251 + 5?
-551242
In base 8, what is -3717 + 4?
-3713
In base 14, what is -27 + -37?
-60
In base 11, what is -139a6 + -4?
-139aa
In base 10, what is 32 - -15?
47
In base 15, what is 4 + 11?
15
In base 4, what is 13 - 33?
-20
In base 3, what is -1221022110 - -12?
-1221022021
In base 13, what is 0 - -27?
27
In base 5, what is 321 + 3?
324
In base 12, what is -15 - -28?
13
In base 13, what is -4 + 372?
36b
In base 10, what is 5 + -64?
-59
In base 3, what is -12110 + -2?
-12112
In base 11, what is 2 - -10?
12
In base 12, what is -20a + 16?
-1b4
In base 4, what is 2230121 - 1?
2230120
In base 4, what is 11 - 210?
-133
In base 2, what is 10010001 + 10?
10010011
In base 9, what is -115 - 0?
-115
In base 14, what is -2 - 42?
-44
In base 15, what is 5 - -6e?
74
In base 11, what is 2 - -1316?
1318
In base 9, what is -85 - -21?
-64
In base 3, what is -12022 + -2?
-12101
In base 13, what is -3 + 4?
1
In base 8, what is -3 + 1676?
1673
In base 10, what is 17 + -3?
14
In base 13, what is 14 + -14?
0
In base 7, what is 0 + -15?
-15
In base 6, what is 13101 - 14?
13043
In base 12, what is 0 + 2248?
2248
In base 3, what is -21022 - 12?
-21111
In base 9, what is 2416 - -11?
2427
In base 4, what is 3020322 - 3?
3020313
In base 5, what is 2401212 + 0?
2401212
In base 15, what is 8 - 15?
-c
In base 14, what is 4 + 2c4?
2c8
In base 7, what is -3 - 36?
-42
In base 4, what is 0 + 30?
30
In base 5, what is 4 - 3421?
-3412
In base 6, what is 145052 + 3?
145055
In base 5, what is 4311 + -1?
4310
In base 2, what is 100001100001 + 11?
100001100100
In base 5, what is 4 + -2302?
-2243
In base 9, wh